
What is the hundreds digit of 1500341039?
0
What is the ten millions digit of 574928594?
7
What is the billions digit of 3017677721?
3
What is the units digit of 692111252?
2
What is the hundreds digit of 886119646?
6
What is the hundreds digit of 3998443756?
7
What is the tens digit of 5654244368?
6
What is the hundred millions digit of 380465535?
3
What is the ten thousands digit of 44665940?
6
What is the millions digit of 138680425?
8
What is the millions digit of 3500477882?
0
What is the ten thousands digit of 96250656?
5
What is the thousands digit of 27065859?
5
What is the billions digit of 1803660025?
1
What is the hundreds digit of 48409771?
7
What is the hundred millions digit of 208640362?
2
What is the units digit of 2406671616?
6
What is the hundred millions digit of 548669626?
5
What is the ten thousands digit of 2903233905?
3
What is the ten thousands digit of 7384909347?
0
What is the thousands digit of 443990333?
0
What is the millions digit of 401539234?
1
What is the thousands digit of 47560305?
0
What is the millions digit of 1776331660?
6
What is the ten millions digit of 608064062?
0
What is the billions digit of 1211197540?
1
What is the hundred millions digit of 1200810755?
2
What is the millions digit of 190512866?
0
What is the tens digit of 129497564?
6
What is the thousands digit of 431115?
1
What is the ten thousands digit of 65028717?
2
What is the hundred thousands digit of 257936640?
9
What is the units digit of 208029467?
7
What is the hundreds digit of 27990285?
2
What is the tens digit of 400012011?
1
What is the thousands digit of 3819055748?
5
What is the hundred thousands digit of 273134835?
1
What is the tens digit of 182849685?
8
What is the thousands digit of 678612860?
2
What is the millions digit of 1554399794?
4
What is the tens digit of 5447272822?
2
What is the hundred thousands digit of 10686259?
6
What is the hundreds digit of 163919585?
5
What is the tens digit of 11007399?
9
What is the thousands digit of 835431364?
1
What is the tens digit of 265699738?
3
What is the tens digit of 273342461?
6
What is the ten thousands digit of 35563825?
6
What is the hundred thousands digit of 693605680?
6
What is the hundreds digit of 1695464516?
5
What is the millions digit of 1991027555?
1
What is the ten thousands digit of 2299597698?
9
What is the tens digit of 205998878?
7
What is the thousands digit of 630290324?
0
What is the millions digit of 77891160?
7
What is the hundreds digit of 1067782137?
1
What is the ten millions digit of 709065684?
0
What is the millions digit of 5605924671?
5
What is the units digit of 449821019?
9
What is the ten millions digit of 2543874776?
4
What is the billions digit of 1230791380?
1
What is the hundred thousands digit of 9604063?
6
What is the millions digit of 578867699?
8
What is the billions digit of 3153091308?
3
What is the ten millions digit of 231320642?
3
What is the thousands digit of 72776104?
6
What is the units digit of 843371941?
1
What is the thousands digit of 47796806?
6
What is the ten thousands digit of 71236136?
3
What is the hundred thousands digit of 490425445?
4
What is the millions digit of 481985383?
1
What is the ten millions digit of 34336855?
3
What is the hundred millions digit of 176355837?
1
What is the units digit of 5309514?
4
What is the hundred millions digit of 193079184?
1
What is the units digit of 415392218?
8
What is the units digit of 52349442?
2
What is the tens digit of 165501252?
5
What is the hundreds digit of 306881979?
9
What is the tens digit of 161334255?
5
What is the hundred millions digit of 4038728918?
0
What is the ten thousands digit of 1799853476?
5
What is the thousands digit of 37734524?
4
What is the tens digit of 235703270?
7
What is the thousands digit of 935870171?
0
What is the ten millions digit of 311188467?
1
What is the hundreds digit of 40817594?
5
What is the thousands digit of 189462899?
2
What is the ten thousands digit of 1207716925?
1
What is the hundreds digit of 4054891?
8
What is the ten millions digit of 3707753645?
0
What is the ten thousands digit of 71438344?
3
What is the hundreds digit of 1042496408?
4
What is the millions digit of 11675761?
1
What is the millions digit of 1337394321?
7
What is the millions digit of 602815348?
2
What is the ten thousands digit of 3630755361?
5
What is the tens digit of 15914511?
1
What is the hundred thousands digit of 351712222?
7
What is the hundred millions digit of 1304738182?
3
What is the ten thousands digit of 883690780?
9
What is the tens digit of 27427462?
6
What is the units digit of 3585131376?
6
What is the thousands digit of 17486375?
6
What is the hundred millions digit of 6483670638?
4
What is the billions digit of 3024602496?
3
What is the ten millions digit of 1615586095?
1
What is the ten thousands digit of 189852766?
5
What is the hundred thousands digit of 231565055?
5
What is the hundred millions digit of 413304430?
4
What is the ten thousands digit of 3323127?
2
What is the ten millions digit of 16920405?
1
What is the units digit of 695744377?
7
What is the units digit of 236479168?
8
What is the tens digit of 2295292833?
3
What is the millions digit of 472689929?
2
What is the hundred thousands digit of 2860628148?
6
What is the hundreds digit of 116398597?
5
What is the hundred millions digit of 1062708466?
0
What is the tens digit of 58618907?
0
What is the hundred millions digit of 535362587?
5
What is the hundreds digit of 50456692?
6
What is the millions digit of 38597503?
8
What is the units digit of 2449185179?
9
What is the hundreds digit of 43577442?
4
What is the ten millions digit of 53527812?
5
What is the thousands digit of 15917985?
7
What is the tens digit of 358130368?
6
What is the hundreds digit of 136571272?
2
What is the units digit of 134727794?
4
What is the tens digit of 34315882?
8
What is the ten millions digit of 79753037?
7
What is the hundreds digit of 494261560?
5
What is the millions digit of 75091937?
5
What is the tens digit of 23249518?
1
What is the hundred millions digit of 1250337564?
2
What is the tens digit of 243758241?
4
What is the units digit of 25205661?
1
What is the tens digit of 46112172?
7
What is the tens digit of 78513211?
1
What is the tens digit of 15850048?
4
What is the billions digit of 4875316165?
4
What is the thousands digit of 616350431?
0
What is the thousands digit of 88825446?
5
What is the hundreds digit of 22590638?
6
What is the units digit of 366909115?
5
What is the ten thousands digit of 185500549?
0
What is the hundred thousands digit of 342964884?
9
What is the units digit of 137684593?
3
What is the millions digit of 608968028?
8
What is the ten thousands digit of 272976613?
7
What is the units digit of 5630654?
4
What is the thousands digit of 197534135?
4
What is the units digit of 84271995?
5
What is the hundreds digit of 52353089?
0
What is the ten millions digit of 31943748?
3
What is the hundred thousands digit of 57230512?
2
What is the millions digit of 30251150?
0
What is the millions digit of 439880405?
9
What is the hundreds digit of 70475601?
6
What is the thousands digit of 24721174?
1
What is the ten thousands digit of 21704374?
0
What is the units digit of 42262565?
5
What is the units digit of 52432879?
9
What is the thousands digit of 234664780?
4
What is the units digit of 1065025522?
2
What is the millions digit of 224846721?
4
What is the hundred thousands digit of 189356861?
3
What is the thousands digit of 205640163?
0
What is the thousands digit of 23746381?
6
What is the ten thousands digit of 381571495?
7
What is the millions digit of 1763428503?
3
What is the units digit of 131313634?
4
What is the tens digit of 2182564948?
4
What is the hundreds digit of 101039836?
8
What is the thousands digit of 46965155?
5
What is the tens digit of 742329760?
6
What is the hundred thousands digit of 41535393?
5
What is the tens digit of 445345368?
6
What is the hundred thousands digit of 629269856?
2
What is the ten millions digit of 48922367?
4
What is the thousands digit of 13945849?
5
What is the units digit of 3263623038?
8
What is the ten millions digit of 95177124?
9
What is the hundred millions digit of 1805018067?
8
What is the hundr